u = 5*r + 541, -f*u - u - 5*r + 491 = 0. List the prime factors of u.
2, 43
Suppose 5*w - 3*w + 993 = 5*d, -4*w + 4 = 0. List the prime factors of d.
199
Let s = -1655 - 2294. What are the prime factors of (-2)/(-24)*2 + s/(-66)?
2, 3, 5
Let i = -14 + 17. Suppose i*f - 7 = 4*v, 0 = 2*v - v + f - 7. What are the prime factors of v*1 + 2 + 59?
3, 7
Suppose 166*k = 162*k + 5*c + 4971, 0 = k + c - 1254. List the prime factors of k.
1249
Let p(s) = s + 13. Let x(t) = t - 5 + 24 - 7. Let d(n) = -2*p(n) + 3*x(n). List the prime factors of d(8).
2, 3
Suppose -5*d + 4312 = -5978. What are the prime factors of d?
2, 3, 7
Suppose -14*m = -15*m + 206. Let h = m - 144. List the prime factors of h.
2, 31
Let b(q) = q**3 + 9*q**2 + 8*q - 4. Let v be b(-7). Suppose -v = -g + 27. What are the prime factors of g?
5, 13
Let w(k) = -17*k**2 + 4*k**2 - 4 + k**3 - 13*k - 2*k**3. Let g(b) = -13*b + 1. Let v be g(1). What are the prime factors of w(v)?
2
Let k = -22 - -31. Suppose 3*b + 48 = k*b. List the prime factors of b.
2
Let v(z) = 3 + z**2 - 3*z - 5 - 7*z. Suppose -4*m + 57 = m + i, 5*i + 3 = -m. What are the prime factors of v(m)?
2, 11
Let s(g) = 24*g - 593. List the prime factors of s(63).
919
Let m = 936 + -393. List the prime factors of m.
3, 181
Let y = -120 + 326. List the prime factors of y.
2, 103
Suppose -24*m = -18*m - 1044. What are the prime factors of m?
2, 3, 29
Suppose 5 = 2*v - 3. Suppose c = -v*c. Suppose c*s = s - 26. What are the prime factors of s?
2, 13
Let n(v) = 24*v**3 + 5*v**2 - 20*v + 53. What are the prime factors of n(3)?
2, 7
Suppose 13 = 5*u + 103. Let g be ((-2)/1)/((-9)/u). List the prime factors of (g/2)/1*-8.
2
Let b be -3 - (-1)/((-4)/28). Suppose 4*j + 17 = -167. List the prime factors of j/b + 6/15.
5
Let q be (136 + -14)*2/1. Let g = 346 - q. List the prime factors of g.
2, 3, 17
Let l = 1941 - -1025. List the prime factors of l.
2, 1483
Let q = 9 - 4. Suppose -3*u - 24 - 3 = d, -q*d = -5*u + 115. Let a = d + 39. List the prime factors of a.
3, 5
Let a = 1068 - -618. List the prime factors of a.
2, 3, 281
Let w = -129 + -75. Let t be w/(0 + (-6)/4). Suppose -8*f = -4*f - t. What are the prime factors of f?
2, 17
Suppose -y - 8 = -73. Let m = y + 70. List the prime factors of m.
3, 5
Let q(h) be the second derivative of h**5/20 + 13*h**4/12 + 3*h**3/2 - h. Let s be 114/(-9) - 12/(-18). What are the prime factors of q(s)?
2, 3
What are the prime factors of -1398*-5*7/105?
2, 233
Let z(w) = w + 9. Suppose 2*o = -0*o + 6. Suppose -o*t = -3*v + 6, 4*t - 1 = v + 6. List the prime factors of z(v).
2, 7
Let n(b) = 3*b**2. Let q be n(2). Let v(l) = -2*l**3 - 8*l**2 - l + 6. Let s be v(-3). Let g = s + q. List the prime factors of g.
3
Suppose r = -0*r + 5. Suppose r*l = 3*l + 2. Suppose g - l = -2*s + 2, -2*s = 0. List the prime factors of g.
3
Let l be (0 + 2)/(9/9). Suppose -5*v + 4*y = -93, -32 = -l*v - y - 0. What are the prime factors of v?
17
Suppose 32 + 28 = 5*s. Let f(u) = 0 + 4 - u + u + u**2 - 8*u. List the prime factors of f(s).
2, 13
Let g(h) = -88*h - 76. List the prime factors of g(-12).
2, 5, 7
Let b(l) = l - 2*l + 0*l - 4 - 3. Let o be b(-10). Suppose -o*t + 45 - 6 = 0. List the prime factors of t.
13
Suppose -2*w - 284 = 2*c, 3*c + 1 = -2. What are the prime factors of ((-2)/3)/(-1 + (-140)/w)?
2, 47
Suppose -4*l + 894 + 386 = 0. Suppose -2*q - 3*h - l = 0, -138 = 3*q - 5*h + 323. Let n = -90 - q. List the prime factors of n.
67
Let i be -13 + 2*((-36)/(-8) - 3). Let b(v) = -v**3 - 11*v**2 - 11*v. What are the prime factors of b(i)?
2, 5
Let h be 3 - 5/((-15)/(-12)). Let d(z) = -3*z. Let r be d(h). Suppose 0 = r*j - 0*j - 66. What are the prime factors of j?
2, 11
What are the prime factors of (39/(-2))/(6/(-80))?
2, 5, 13
Suppose 316 = a + 8*t - 7*t, 3*a - 5*t - 956 = 0. What are the prime factors of a?
317
Suppose -w + 233 = 2*w + o, -3*o = 3*w - 225. Let m be 2*(-4)/(8/(-3)). Suppose -4*x = -12, -2*n - m*n = -2*x - w. List the prime factors of n.
17
Let k = -6 + 32. Let t = 48 - k. What are the prime factors of t?
2, 11
List the prime factors of (-13538830)/(-3895) + (-2)/(-41).
2, 11, 79
Suppose 3*z - 3*r - 9972 = 0, 2*r + 9976 = -5*z + 8*z. What are the prime factors of z?
2, 13
Suppose 0 = 3*g - 3, 3*g - 5062 = -3*f - 1588. List the prime factors of f.
13, 89
Suppose -18658 - 15910 = -29*d. What are the prime factors of d?
2, 149
Let g(u) = 15*u + 6. What are the prime factors of g(6)?
2, 3
Suppose 0*y = 2*y. Suppose -3*l + 3 = -y. What are the prime factors of (l - -3)*(-12)/(-6)?
2
Suppose -13*h + 15939 + 4367 = 0. List the prime factors of h.
2, 11, 71
Let t(l) = l**2 + l + 2. Let z be t(0). List the prime factors of (-2 - (-3 - z)) + 23.
2, 13
Let x(k) be the first derivative of 4*k**3/3 - k**2 - 6*k + 7. Suppose 5*t - 5 = 10. List the prime factors of x(t).
2, 3
Let q = -367 + 368. Suppose -2*g + 6 = -0*g. List the prime factors of (-7)/q + g - -46.
2, 3, 7
Let x = 9 - 13. Let d be (x/10)/((-2)/10). Suppose -d*m = -4*m + 128. List the prime factors of m.
2
Let u be ((-6)/(-12))/(2/(-8)). Let r = 5 + u. Suppose 4*p - r = 17. List the prime factors of p.
5
Suppose -2*y = -2*x + y + 49, -5*y = -15. Suppose -28*f - 38 = -x*f. List the prime factors of f.
2, 19
Suppose 5*n - 62975 = -50*n. List the prime factors of n.
5, 229
Let u(d) = 25*d - 5. Let j(k) = 51*k - 10. Let m(f) = 4*j(f) - 9*u(f). List the prime factors of m(-5).
2, 5, 11
Suppose -5*x = 5*z - 1035, -2*x + 61 = -4*z - 341. What are the prime factors of x?
5, 41
Let d(u) be the first derivative of 13*u**4/4 + u**3/3 - u**2 + u - 15. List the prime factors of d(1).
13
Let f be ((2 - 1) + -1)*-1. Suppose 7*o - 2*o - 205 = f. What are the prime factors of o?
41
Let a = -1 - -400. List the prime factors of a.
3, 7, 19
Let v be -5*(0 + (-66)/3). Let i be v/40 + 1/4. Suppose -3*m + 12 = 0, -4*w = i*m - 49 - 51. What are the prime factors of w?
2, 11
Suppose 4 + 6 = -2*k. Let n be 2/k*(-2 - -557). List the prime factors of n/(-27) - (-2)/(-9).
2
Let i(n) = -n**3 + 5*n**2 - 2*n + 4. Let u be i(5). Let b(l) = -9*l - 21. List the prime factors of b(u).
3, 11
Suppose -3*a - 224 = -t - 5*a, 5*t + a = 1120. List the prime factors of t.
2, 7
Suppose -5*z - 5*k = -1340, -9*z + 8*z + 263 = -4*k. What are the prime factors of z?
3, 89
Let m(r) = 5*r**2 + 40*r + 53. What are the prime factors of m(18)?
2393
Let h = -4464 + 8470. List the prime factors of h.
2, 2003
Let f(y) = -13*y**3 - y**2 + y - 1. Let x be f(1). Let g = x - -17. Suppose 4*d - 4*i = 84, -g*d - 5*i + 70 = -d. What are the prime factors of d?
5
Let c(t) = 2*t**2 + 9*t + 5. Let q be c(-4). What are the prime factors of q*(-6)/(-9)*45?
2, 3, 5
Let b(r) = -5*r**3 - 11*r**2 - 8*r - 8. List the prime factors of b(-5).
2, 191
What are the prime factors of -8*6/(-96)*34*73?
17, 73
What are the prime factors of -3*(-2536)/12 - -7?
641
List the prime factors of -8 + (-13)/(104/(-7056)).
2, 19, 23
List the prime factors of 3*2 - (-3 + -817 + 4).
2, 3, 137
Suppose -5*p + 7130 = 4*u, -4*p + 1814 - 26 = u. List the prime factors of u.
2, 5, 89
Let s = -9 - -12. Suppose 2*n = -x + 21, -55 = -s*x - 0*x - 2*n. What are the prime factors of x?
17
Suppose -2*v + 3*v = 27. Suppose -5*q + 228 + v = 0. What are the prime factors of q?
3, 17
Let j be 22/99 + 2/(-9). Suppose 2*q = 2*s - 46 - 14, s - 2*q - 25 = j. List the prime factors of s.
5, 7
Let v(z) = -2*z**2 - 4. Let u be v(-5). Let p = u + 89. Suppose -9*i + p = -4*i. What are the prime factors of i?
7
Suppose -4*y + 4*g + 777 = 2997, 0 = g + 5. Let s be (-3 + 0)*y/24. Suppose -4*h + 9*h = s. What are the prime factors of h?
2, 7
List the prime factors of (-1120)/12*(-36)/24.
2, 5, 7
Suppose -5*l + 3*l - 2 = 0. Let d be (-54 + l)/(9/(-9)). What are the prime factors of (-3)/(0 + -1) + d?
2, 29
Let l(i) = -i**3 + 11*i**2 + 187*i + 4. What are the prime factors of l(20)?
2, 3
Let v be (-1 - -5) + (-7 - -13). Suppose v = 5*l, -z + 109 = -0*z + 2*l. List the prime factors of z.
3, 5, 7
Let h(c) = -14*c**3 + 36*c**2 - 77*c - 62. Let n(a) = 5*a**3 - 12*a**2 + 26*a + 21. Let u(l) = 6*h(l) + 17*n(l). What are the prime factors of u(-13)?
2, 19
Suppose -8 + 23 = 4*i - 5*c, 4*i = c + 3. Suppose 0 = -i*k + 2*k - 8. What are the prime factors of k?
2
List the prime fa